1?
12
Suppose 369 = 6*n + 4*s - 1, -s = 2. Calculate the remainder when 243 is divided by n.
54
Let z(w) = 31 + 28 + 2*w - 46 - w**2. Let g be z(4). Suppose -g*j - 273 = -8*j. Calculate the remainder when j is divided by 25.
16
Calculate the remainder when -1*2*(-23 - (-536)/(-16)) is divided by 51.
11
Let t(n) = -407*n - 64. Let v be t(11). What is the remainder when 1/(v/6897 - 4/(-6)) is divided by 42?
37
Suppose 2*c = 5*o - 3056, -4*o + 3*o + 2*c = -608. What is the remainder when 171 is divided by o/90 + 1/5?
3
Let t(v) = -4*v - 30. Let d be t(-8). Suppose d*a - 33 = f, 2*a = 5*f + 10 + 3. Calculate the remainder when a is divided by 6.
1
Let j = 40 + -37. Suppose j*u + 8 = -q, 3*q + 24 = u - 2*q. What is the remainder when 151 is divided by (u/(-3))/(4/264)?
19
Let a = -496 - -787. Let b = 2321 - 2248. What is the remainder when a is divided by b?
72
Suppose -3*f - 104 = -4*s - f, -3*f = -3*s + 81. Let n(c) = 0 - s*c**2 + 8 + 1 + 12*c**2 + 2*c + c**3. What is the remainder when 139 is divided by n(13)?
34
Let o(j) = 7*j**2 + 68*j + 200. What is the remainder when 708 is divided by o(-3)?
0
Let z be (-94)/(-30) + 5/(225/(-6)). Suppose -j + 2*t + 8 = 0, -z*j + t - 4 + 3 = 0. Let u = j - -6. What is the remainder when 6 is divided by u?
2
Suppose 7*l + 5*y + 316 = 8*l, y - 916 = -3*l. What is the remainder when l is divided by (-8)/(-104) - (-10260)/130?
69
What is the remainder when ((-252)/(-24))/((-36)/(-2856)) is divided by 31?
27
Suppose -50*a = -49*a + 5*w - 1676, 3*a - w - 5060 = 0. What is the remainder when a is divided by 106?
96
Suppose 0 = h - 5*h + 364. Let g(p) = p**2 - 133*p + 4379. What is the remainder when h is divided by g(76)?
44
Suppose 0*s + 3*u + 171 = 2*s, -s + 3*u = -84. Suppose -88*t + 57 = -s*t. What is the remainder when t is divided by 12?
9
Let c = -15 - -110. Suppose 293*k - 745*k + 23232 = 8768. Calculate the remainder when c is divided by k.
31
Let x = 1763 + -1388. What is the remainder when 769 is divided by x?
19
Let n = -98 - -118. Suppose -8*m = -4*m - n, 4*f = 5*m + 235. What is the remainder when f is divided by 17?
14
Let j(i) = -i**2 + 3*i + 5. Let h be j(-3). Let g = h + 63. Calculate the remainder when g is divided by 19.
12
Suppose 2*c = -2*m + 1216, -5*m - 35 + 45 = 0. What is the remainder when c is divided by 150?
6
What is the remainder when (((-477)/27 - -7) + 13)/(2/888) is divided by 1021?
15
Let a be (-3 - 219/(-3)) + 3/(-1). Suppose 933 = -10*n - a. Calculate the remainder when ((-120)/n)/(2/65) is divided by 14.
11
Let l(g) = -g**2 + 13*g + 205. Calculate the remainder when 1/1 - (-47 + 8) is divided by l(-9).
5
Suppose 4*h + 5*u - 17 = 0, -5*h - u + 55 = -6*u. Suppose -h*y + 78 = -74. Let i(o) = o**2 - 10*o - 64. What is the remainder when y is divided by i(15)?
8
Suppose -13 = -4*k - w, k + 0*k = w + 2. Suppose k*b = -v, 2*v + 0*b = 3*b + 18. Suppose -4*y = -164 + 60. Calculate the remainder when y is divided by v.
2
Let f(a) = -a**2 + 4*a + 5. Let d be (-9)/63 + 72/14. Let l be f(d). Let o(t) = -t**3 + 2*t**2 + 2*t + 36. Calculate the remainder when 143 is divided by o(l).
35
Let w(y) = -y**2 + 22*y - 43. Let s be w(20). Calculate the remainder when 92 is divided by 41/(-3)*(-3 + 3 + s).
10
Suppose 0 = 3*n - 2*v - 218, -2*n = -9*v + 7*v - 150. Calculate the remainder when 3054 is divided by n.
62
Suppose 5*m = 3*n - 946, -467 - 467 = -3*n - m. Let q = 339 - n. Calculate the remainder when 45 is divided by q.
18
Let l be ((-17)/51)/((-2)/66). Calculate the remainder when 66 is divided by (-6)/(l/((-880)/24)).
6
Suppose -4*q + 47 = -5*l - 3, 5*q - 2*l - 71 = 0. What is the remainder when 94/6 + (-25)/q is divided by 5?
4
Let b(w) = 9*w**2 - 27*w - 170. Calculate the remainder when 1270 is divided by b(7).
40
Let c be (8*-1)/(-4)*5. Let j(s) = -s + 19. Let m be j(17). Suppose -52 = -d + b + c, -4*d = m*b - 218. Calculate the remainder when d is divided by 15.
12
Let c = -102 - -104. Calculate the remainder when c - 511/14*-4 is divided by 52.
44
Let w = 8978 - 8887. Calculate the remainder when w is divided by 22.
3
Let v be -1*(-8)/(-4)*-1. Let x be (v - (-95)/(-25))/(2/(-90)). Suppose -t = -4*t + x. What is the remainder when t is divided by 7?
6
Let a(g) = -g**2 - 34*g + 474. Calculate the remainder when 296 is divided by a(-44).
24
Let i(d) = -d - 95. Let c be i(-37). Let z = 105 + c. What is the remainder when z is divided by 10?
7
Suppose 29*q - 3*q = 3*q. Suppose -23*v + q*v + 529 = 0. What is the remainder when 32 is divided by v?
9
Suppose 310*n = -1523 + 26308 - 1535. What is the remainder when 173 is divided by n?
23
Let v = -11061 - -11098. Calculate the remainder when 226 is divided by v.
4
Let r = -38368 + 38415. Suppose -4*p + p - 61 = -2*d, p + 81 = 3*d. Calculate the remainder when r is divided by d.
21
Let s(z) = 34*z**2 - 6*z - 2. Suppose 7*l = 2*l + 15. Suppose l*r - 155 = -2*r. What is the remainder when s(2) is divided by r?
29
Let r(b) = -3*b + 10. Let t be r(2). Suppose t*s - 212 = -4*w, 13*s - 16*s = 5*w - 151. What is the remainder when 157 is divided by s?
43
Let t = -4500 - -4993. Calculate the remainder when t is divided by 62.
59
Suppose 129*h - 265623 = 170526. Calculate the remainder when h is divided by 94.
91
Calculate the remainder when (-5540)/(-7) + (-3)/4 + (-279)/(-868) is divided by 88.
87
Let q be 0/(-5)*(3/1 - 4). Suppose 21*m - 252 = -q*m. Calculate the remainder when 66/((-2)/(1 + -2)) is divided by m.
9
Let d(t) = 11*t + 77. Let w be d(-14). Let j = 88 + w. What is the remainder when 27 is divided by j?
5
Let m = -3031 + 3658. Calculate the remainder when m is divided by 14.
11
Suppose -2*d + 6 = -b, 3*d - 5*d - 2 = -5*b. Calculate the remainder when (b - 46/(-5))/((-18)/(-225)) is divided by 36.
32
What is the remainder when 6470 is divided by -39*(-17)/((-1377)/(-54))?
22
Suppose -4*j + 9*j + 13 = 2*x, -j = -12*x + 49. Calculate the remainder when 2474 is divided by x.
2
Calculate the remainder when 6/((((-208)/320)/13)/(25/(-8))) is divided by 27.
24
Let q be 3/2*4/3. Let k(y) = y**3 - y**2 + y + 42. Calculate the remainder when k(0) is divided by ((-2156)/686)/(q/(-7)).
9
Let u(w) = -w**2 - 117*w + 3101. What is the remainder when 1624 is divided by u(-139)?
33
Let r(c) = 2*c**2 + 48*c - 14. Let p be r(-26). Suppose -17*j - p = -22*j. Calculate the remainder when j is divided by 4.
2
Suppose -4*y - 3*t + 179 = 0, 0 = 3*t - 0*t - 3. What is the remainder when 70 + 2 + -1 + 4 + -1 is divided by y?
30
Suppose 3*u - 3*r = 0, -5*u - 3*r - 24 = -2*u. Let s(c) = -c - 4. Let z be s(u). What is the remainder when (z + 96/15)/((-5)/(-50)) is divided by 17?
13
Let q(x) = -2*x - 6. Let o be q(3). Let l(h) = 16*h + 19 + h**3 + 11*h**2 + 8*h - 35*h. What is the remainder when l(o) is divided by 6?
1
Let i be (3/4)/((-1)/4). Let n(v) = -6*v + 2. What is the remainder when (-452 - 22)*(-2)/12 is divided by n(i)?
19
Suppose -4*q + 485 = -5*v, -363 = -3*q - 15*v + 18*v. Suppose 2*n + 209 = 3*u, 4*u - 3*n - q = 157. Calculate the remainder when u is divided by 38.
35
Suppose 0 = 12*h - 6*h - 30. Suppose 3*z - l - 99 = -z, h*l - 130 = -5*z. What is the remainder when 224 is divided by z?
24
Let v(b) be the first derivative of -b**4/4 + 43*b**3/3 + b**2/2 + 53. Calculate the remainder when 255 is divided by v(43).
40
Let r = -256 + 216. Let y = 34 - r. What is the remainder when y is divided by 28?
18
Suppose -465 = -7*a + 1026. Suppose -16*k + a = -203. Calculate the remainder when 362 is divided by k.
24
Let c = -5909 - -5950. Calculate the remainder when c is divided by -1*((-92)/2)/2.
18
Calculate the remainder when 101 is divided by (869/237)/((15/18)/5).
13
Suppose -454 + 184 = -15*l. Let j = -220 + 357. Calculate the remainder when j is divided by l.
11
Suppose 16*b - 1379 = -16*b + 23485. Calculate the remainder when b is divided by 190.
17
Suppose 2*p + 10 = 12*p. Calculate the remainder when (-87)/2*(-5 - p) is divided by 38.
33
Let x(y) be the first derivative of 146*y**3/3 - y**2/2 + 2*y - 69. Calculate the remainder when x(-1) is divided by 39.
32
Let s = -5849 - -5917. What is the remainder when 168 is divided by s?
32
Let u be 6 + 0/(1 + 0). Let j be (140/(-45))/((-3)/27). Suppose -4*b - j = -u*b. What is the remainder when 40 is divided b